37*m - 16547. Let w be a(121). Let l be 96/(-2 + 24/10). What is the greatest common divisor of l and w?
30
Let v = 32111 - 13157. What is the greatest common factor of v and 234?
234
Let c be ((-2)/(-4))/(2/12). Let n be (1 - -81) + -1 + c. Let w be (13 + 1)/(7 + (-152)/24). Calculate the highest common divisor of w and n.
21
Let j be (0 + (-15)/20)*(-2 + -102). Let s = -85 + j. Let t = s - -37. Calculate the greatest common factor of t and 15.
15
Let f(p) = -2*p**3 + 8*p + 4. Let w be f(-3). Let x = -20 + w. What is the greatest common divisor of 154 and x?
14
Suppose -n + 18 = 10. Suppose 150 = n*a - 90. What is the highest common factor of a and 18?
6
Suppose -c + 6 = f - 37, -2*f + 4 = 0. Suppose 3*a - c = 184. Let s be 20*(99/36 - 2). Calculate the greatest common factor of s and a.
15
Let c = -589 - -592. Suppose 0 = -c*i - 16*z + 15*z + 134, -5*i + 234 = -z. What is the highest common divisor of 460 and i?
46
Let a(i) = -i**2 + 12*i - 25. Let k be a(11). Let c = 17 + k. Let n be (-7 + c)/(2/(-4)). What is the greatest common divisor of n and 64?
8
Let s be 12/5*(-79)/((-10428)/140360). Calculate the highest common divisor of 812 and s.
116
Let u(i) = 30*i - 80. Let w be u(4). Suppose w*j - 42*j = -168. What is the greatest common factor of j and 24?
12
Let g be -3*((-50)/(-6) + -1)/(96/(-336)). Let o be (-2)/(32/(-14) + 2). Calculate the highest common factor of g and o.
7
Suppose 0 = -2207*v + 2213*v - 204. Suppose 839 = 5*q - 351. Suppose a = 4*x - q - 170, -5*a = 0. What is the highest common divisor of x and v?
34
Let o(j) = -185*j - 3774. Let c be o(-22). What is the greatest common factor of c and 56?
8
Suppose -20*d = -15976 - 117404. What is the greatest common divisor of d and 19?
19
Let d(f) = f - 18. Let h(k) = 2*k + 19. Let l(j) = -7*d(j) - 6*h(j). Let x be l(-2). Calculate the highest common factor of x and 40.
10
Let i be 3*(3 + (-77)/21)*-14. Calculate the greatest common divisor of 52 and i.
4
Suppose 9*n - 63711 - 303642 = 0. What is the greatest common factor of n and 238?
119
Let o be 5/(-2 + (-33)/(-15)). Suppose -9*r + 303 = -507. Suppose 0 = -4*y + 10 + r. What is the highest common divisor of y and o?
25
Suppose 3*a - 4*v + 8 = 0, 7*a - 3*v = 2*a + 5. Suppose 5*y = 3*l + 14, -25*l + 21*l + 24 = a*y. What is the greatest common factor of 2 and l?
2
Let g be 4 + -1 + (3 - -66). Let t(y) = 12*y**2 + 726*y - 2928. Let k be t(4). Calculate the highest common divisor of k and g.
24
Suppose 2*p = 4*w + 26, 2*w - 16 = 3*p - 59. Calculate the greatest common factor of p and 65.
5
Let v be 0 + (-19)/(-1) + 1. Let i be (4/(-5))/(7/(-3640)*4). Suppose -18*m = -v*m + i. What is the highest common factor of m and 104?
52
Let y = -4126 + 7024. Let m be (-6)/10 + y/105. Calculate the greatest common factor of 81 and m.
27
Let s = -1198 - -1347. Calculate the highest common factor of 4321 and s.
149
Let y be -242 + 253 + 6/(-1). What is the highest common divisor of 2565 and y?
5
Suppose 4*t - 55 = 645. Let g be ((-435)/75)/((-2)/190). Suppose -g = -7*i - 61. Calculate the greatest common divisor of i and t.
35
Let c = -1419 + 1427. What is the highest common divisor of 146 and c?
2
Let d = -162438 + 162614. Suppose 151 = 5*w - 9. What is the highest common factor of d and w?
16
Suppose 0 = -34*z + 90*z - 3657 - 2503. What is the greatest common divisor of 27610 and z?
110
Let b(i) = 471*i - 3296. Let v be b(7). Let d = -14 - -24. Suppose n = -n + d. Calculate the greatest common factor of v and n.
1
Suppose -3*f = 3*x - 27, -10*f = -4*x - 7*f + 36. Calculate the highest common factor of 123 and x.
3
Let q be -190*(-6)/(540/306). What is the highest common divisor of q and 238?
34
Let p = 7211 + 7159. Calculate the greatest common divisor of 15 and p.
15
Let q be (218 - 197)*((-45)/(-7) - 0). Calculate the greatest common factor of 1905 and q.
15
Suppose -37*i = -49*i - 49*i + 272975. What is the highest common factor of 179 and i?
179
Let i = -191 + -25. Let f be 2905/9 + (-48)/i. Calculate the greatest common factor of 17 and f.
17
Let y be 0/((2/4)/((-8)/(-16))). Suppose y = -5*g - 4*d + 62 + 32, -2*g + 52 = -2*d. What is the highest common divisor of g and 297?
11
Let t(a) = a**2 + 46*a + 20. Let z be t(-22). Let r = z - -878. What is the greatest common divisor of 148 and r?
74
Let m = -38 - -135. Let i = -61 + m. Let p be (-372)/(-21) + (-2)/(-7). Calculate the highest common factor of i and p.
18
Let g(a) = -a**3 - 5*a**2 - a + 2. Let b be g(-6). Let c = 71 - b. Suppose -2452 = -68*i + 13058 + 1014. Calculate the highest common factor of c and i.
27
Let r(k) = 2*k**3 + 21*k**2 + 12*k - 18. Let u be r(-9). Let x be 637/35 - 5/25. What is the highest common divisor of u and x?
9
Let i = 3581 + -3551. Calculate the greatest common factor of i and 615.
15
Suppose 3*h - 644 = -5*q, -5*q = -h + 158 + 30. Suppose -5*r - 8*n + 305 = -3*n, 4*r - h = 5*n. What is the greatest common divisor of 6 and r?
3
Let m = 1367 + 611. Calculate the highest common factor of m and 688.
86
Let v be (-2)/4 - 8*892/(-64). Let l be 148/(2*(-3 + 4)). Calculate the highest common divisor of v and l.
37
Let b(u) = 4*u**2 + 52*u + 82. Let j be b(-29). What is the highest common factor of j and 190?
38
Let w = 1830 - 1094. What is the highest common factor of 224 and w?
32
Suppose 3*c + 124 = 2*l, -10*c + 14*c + 296 = 5*l. Calculate the greatest common factor of l and 48.
8
Let k = -7 - -28. Let u be 1/3 - (-1736)/k - 3. What is the greatest common factor of 10 and u?
10
Let w(q) = 3*q + 28. Let b be w(-8). Suppose -i + 4*c - 6 = 2, -b*c = -12. Let t be i/(-6) - (-906)/9. Calculate the highest common factor of 25 and t.
25
Let o(l) = 2*l**3 - 40*l**2 + 5*l + 85. Let x be o(20). Let j = -81 + x. Calculate the highest common factor of 52 and j.
52
Suppose -385 - 180 = 5*b. Let q = 221 + b. Let a(j) = -j**2 + 14*j - 6. Let z be a(12). Calculate the highest common factor of q and z.
18
Suppose -n + 13*n - 13842 = 17622. What is the greatest common divisor of n and 114?
114
Let k = -4004 + 4012. What is the greatest common divisor of 1912 and k?
8
Let n be (60/3)/(-4) - 13. Let g be 12355/315 + 4/n. What is the highest common divisor of g and 91?
13
Let d = -14622 + 15681. What is the highest common factor of d and 12?
3
Suppose 0 = 3*d + u - 118, u - 4*u = 2*d - 81. Let n be 3 - (-505 - 3/(-3)). Calculate the greatest common factor of d and n.
39
Let b = 27 + 420. What is the greatest common factor of 9 and b?
3
Let r(f) = -f**3 + 4*f**2 - f - 7. Let t be r(7). Let o = t - -179. Calculate the highest common divisor of 288 and o.
18
Let j(y) = 4*y**2 + 232*y + 3386. Let v be j(-15). Calculate the greatest common divisor of v and 52.
26
Suppose 55889 = 37*a - 61179. Calculate the highest common factor of 28 and a.
28
Suppose -21966 = -416*k + 197476 + 116686. What is the highest common divisor of 24 and k?
8
Suppose -220*c = -288*c + 1972. Calculate the greatest common factor of 1566 and c.
29
Let k be 2867 + -13 + 60/(-15). What is the highest common divisor of k and 912?
114
Let u(d) = -2*d**3 - 7*d**2 - 6*d - 2. Let v be u(-4). Suppose b - 18 = c, 25 = 21*c - 16*c. Let q = v - b. What is the highest common divisor of q and 10?
5
Let m(v) = -16718*v - 16623. Let g be m(-1). Suppose 0 = -r + 3*s + 102, 4*r + 5*s = s + 472. What is the greatest common divisor of g and r?
19
Suppose -5*m + 474 - 134 + 885 = 0. What is the greatest common factor of 1323 and m?
49
Let v = -4488 - -4488. Suppose -4*y = 4, 25 = 2*a - y - 2*y. Suppose 3*l - a - 34 = v. Calculate the highest common factor of l and 9.
3
Let b(q) = -13*q + 4. Let w be b(0). Suppose -w*o - 5540 = -5*u + o, 3*o = -3. What is the highest common divisor of u and 27?
27
Suppose 313 = 5*a - 4*w, 2*w = 82*a - 79*a - 187. Let u be 2*66/(-8)*(-244)/6. What is the greatest common divisor of a and u?
61
Suppose 519 + 1217 = 8*z. Let w = 265 - z. Suppose 8*i - 400 = 3*i. What is the highest common divisor of w and i?
16
Let k = -904 + 2257. What is the greatest common divisor of k and 33?
33
Suppose -16*x = -10*x - 83*x + 29799. Calculate the greatest common divisor of x and 45.
9
Suppose -3*l + 432 = l. Suppose 0 = 4*p - 7406*n + 7405*n - 357, -441 = -5*p + 3*n. Calculate the highest common divisor of p and 